{"id":4628,"date":"2021-07-22T23:23:48","date_gmt":"2021-07-22T23:23:48","guid":{"rendered":"https:\/\/wp-anpri.pt\/esdg\/faqs-3\/"},"modified":"2025-04-02T15:40:12","modified_gmt":"2025-04-02T15:40:12","slug":"faqs-3","status":"publish","type":"page","link":"https:\/\/www.agr1beja.pt\/?page_id=4628","title":{"rendered":"FAQs"},"content":{"rendered":"\n<p class=\"justify-text\" style=\"font-size:21px\"><strong>Este espa\u00e7o destina-se ao esclarecimento das d\u00favidas apresentadas por professores, alunos e encarregados de educa\u00e7\u00e3o, no \u00e2mbito dos cursos profissionais.<br>Sempre que se demonstre necess\u00e1rio ou adequado, atualizaremos as perguntas.<br>Aconselha-se a leitura atenta das perguntas frequentes antes do envio de mensagens atrav\u00e9s do endere\u00e7o eletr\u00f3nico disponibilizado. <\/strong><\/p>\n\n\n\n<div class=\"wp-block-columns has-2-columns is-layout-flex wp-container-core-columns-layout-1 wp-block-columns-is-layout-flex\">\n<div class=\"wp-block-column is-layout-flow wp-block-column-is-layout-flow\">\n<h2 class=\"wp-block-heading has-luminous-vivid-orange-color has-text-color has-link-color wp-elements-3235b247499053492c82fe57d3eb308c\" style=\"font-size:30px\">Alunos\/Encarregados de Educa\u00e7\u00e3o<\/h2>\n\n\n\n<ul>\n<li style=\"font-size:21px\"><a rel=\"noreferrer noopener\" aria-label=\"Recupera\u00e7\u00e3o de M\u00f3dulos - \u00c9poca Extraordin\u00e1ria  (opens in a new tab)\" href=\"https:\/\/drive.google.com\/file\/d\/1s7c4RfBDzGODmcaDD4AykEqlAXYjr7G7\/view?usp=sharing\" target=\"_blank\">Recupera\u00e7\u00e3o de M\u00f3dulos &#8211; \u00c9poca Extraordin\u00e1ria <\/a><\/li>\n<\/ul>\n\n\n\n<ul>\n<li style=\"font-size:21px\"><a rel=\"noreferrer noopener\" aria-label=\"FCT (Forma\u00e7\u00e3o em Contexto de Trabalho) (opens in a new tab)\" href=\"https:\/\/drive.google.com\/file\/d\/1xKmfkGLIev-A26NTQOjYNIxVSVENYnro\/view?usp=sharing\" target=\"_blank\">FCT (Forma\u00e7\u00e3o em Contexto de Trabalho)<\/a><\/li>\n<\/ul>\n\n\n\n<ul>\n<li style=\"font-size:21px\"><a rel=\"noreferrer noopener\" aria-label=\"PAP (Prova de Aptid\u00e3o Profissional) (opens in a new tab)\" href=\"https:\/\/drive.google.com\/file\/d\/1dmLCEy_B59dGfBitsHKnwD-9mjMbpbCX\/view?usp=sharing\" target=\"_blank\">PAP (Prova de Aptid\u00e3o Profissional)<\/a><\/li>\n<\/ul>\n<\/div>\n\n\n\n<div class=\"wp-block-column is-layout-flow wp-block-column-is-layout-flow\">\n<h2 class=\"wp-block-heading has-vivid-green-cyan-color has-text-color has-link-color wp-elements-53d420651b1640f802dbf3e4fc82f459\" style=\"font-size:30px\">Professores<\/h2>\n\n\n\n<ul>\n<li style=\"font-size:21px\"><a rel=\"noreferrer noopener\" aria-label=\"Apresenta\u00e7\u00e3o de novos docentes (opens in a new tab)\" href=\"https:\/\/drive.google.com\/file\/d\/1GI7_TcwTvp1J-d0l2fqKRRxMa7bwl8eW\/view?usp=sharing\" target=\"_blank\">Apresenta\u00e7\u00e3o de novos docentes<\/a><\/li>\n<\/ul>\n\n\n\n<ul>\n<li style=\"font-size:21px\"><a rel=\"noreferrer noopener\" aria-label=\"Procedimento na prepara\u00e7\u00e3o do ano letivo (opens in a new tab)\" href=\"https:\/\/drive.google.com\/file\/d\/1NjPeoYaR7WJTBs0teHSE_oq0VORmlwsi\/view?usp=sharing\" target=\"_blank\">Qual o procedimento na prepara\u00e7\u00e3o do ano letivo<\/a>?<\/li>\n<\/ul>\n\n\n\n<ul>\n<li style=\"font-size:21px\"><a rel=\"noreferrer noopener\" aria-label=\"O que devo fazer se necessitar faltar (opens in a new tab)\" href=\"https:\/\/drive.google.com\/file\/d\/1iJSjyKOaRkpwi_RNom5aGpen7wGxwJxs\/view?usp=sharing\" target=\"_blank\">O que devo fazer se necessitar faltar<\/a>?<\/li>\n<\/ul>\n\n\n\n<ul>\n<li style=\"font-size:21px\"><a rel=\"noreferrer noopener\" aria-label=\"Se um colega estiver a faltar, posso substituir (opens in a new tab)\" href=\"https:\/\/drive.google.com\/file\/d\/1ptCxedeSFXyxtYXsvlgHFbts2w9Rktme\/view?usp=sharing\" target=\"_blank\">Se um colega estiver a faltar, posso substituir<\/a>?<\/li>\n<\/ul>\n<\/div>\n<\/div>\n","protected":false},"excerpt":{"rendered":"<p>Este espa\u00e7o destina-se ao esclarecimento das d\u00favidas apresentadas por professores, alunos e encarregados de educa\u00e7\u00e3o, no \u00e2mbito dos cursos profissionais.Sempre que se demonstre necess\u00e1rio ou adequado, atualizaremos as perguntas.Aconselha-se a leitura atenta das perguntas frequentes antes do envio de mensagens <a href=\"https:\/\/www.agr1beja.pt\/?page_id=4628\" class=\"read-more\">Ler mais &#8230;<\/a><\/p>\n","protected":false},"author":2,"featured_media":0,"parent":0,"menu_order":0,"comment_status":"closed","ping_status":"closed","template":"","meta":{"cybocfi_hide_featured_image":"","footnotes":""},"_links":{"self":[{"href":"https:\/\/www.agr1beja.pt\/index.php?rest_route=\/wp\/v2\/pages\/4628"}],"collection":[{"href":"https:\/\/www.agr1beja.pt\/index.php?rest_route=\/wp\/v2\/pages"}],"about":[{"href":"https:\/\/www.agr1beja.pt\/index.php?rest_route=\/wp\/v2\/types\/page"}],"author":[{"embeddable":true,"href":"https:\/\/www.agr1beja.pt\/index.php?rest_route=\/wp\/v2\/users\/2"}],"replies":[{"embeddable":true,"href":"https:\/\/www.agr1beja.pt\/index.php?rest_route=%2Fwp%2Fv2%2Fcomments&post=4628"}],"version-history":[{"count":17,"href":"https:\/\/www.agr1beja.pt\/index.php?rest_route=\/wp\/v2\/pages\/4628\/revisions"}],"predecessor-version":[{"id":9208,"href":"https:\/\/www.agr1beja.pt\/index.php?rest_route=\/wp\/v2\/pages\/4628\/revisions\/9208"}],"wp:attachment":[{"href":"https:\/\/www.agr1beja.pt\/index.php?rest_route=%2Fwp%2Fv2%2Fmedia&parent=4628"}],"curies":[{"name":"wp","href":"https:\/\/api.w.org\/{rel}","templated":true}]}}