{"id":4611,"date":"2021-06-19T23:43:23","date_gmt":"2021-06-19T23:43:23","guid":{"rendered":"https:\/\/wp-anpri.pt\/esdg\/?page_id=679"},"modified":"2024-08-30T07:33:37","modified_gmt":"2024-08-30T07:33:37","slug":"auxiliar-de-saude","status":"publish","type":"page","link":"https:\/\/www.agr1beja.pt\/?page_id=4611","title":{"rendered":"T\u00e9cnico Auxiliar de Sa\u00fade"},"content":{"rendered":"\n<p class=\"has-drop-cap justify-text\" style=\"font-size:21px\">Este curso visa a forma\u00e7\u00e3o de profissionais aptos a auxiliar na presta\u00e7\u00e3o de cuidados de sa\u00fade, na recolha e transporte de amostras biol\u00f3gicas, na limpeza, higieniza\u00e7\u00e3o e transporte de roupas, materiais, equipamentos e espa\u00e7os e no apoio log\u00edstico e administrativo das diferentes unidades e servi\u00e7os de sa\u00fade, sob a orienta\u00e7\u00e3o de profissionais de sa\u00fade com forma\u00e7\u00e3o superior.<\/p>\n\n\n\n<p class=\"has-vivid-cyan-blue-color has-text-color has-link-color wp-elements-37ad76858137e1eba28973ff5bcc1d87\" style=\"font-size:21px\"><strong>Ficas habilitado(a) a:<\/strong><\/p>\n\n\n\n<p style=\"font-size:21px\">\u2022 Auxiliar na presta\u00e7\u00e3o de cuidados de sa\u00fade, de acordo com orienta\u00e7\u00f5es do enfermeiro;<br>\u2022 Auxiliar nos cuidados p\u00f3s-morte, de acordo com orienta\u00e7\u00f5es do profissional de sa\u00fade;<br>\u2022 Assegurar a limpeza, higieniza\u00e7\u00e3o e transporte de roupas, espa\u00e7os, materiais e equipamentos, sob a orienta\u00e7\u00e3o de profissional de sa\u00fade;<br>\u2022 Assegurar atividades de apoio ao funcionamento de diferentes unidades e servi\u00e7os de sa\u00fade;<br>\u2022 Auxiliar o profissional de sa\u00fade na recolha de amostras biol\u00f3gicas e no transporte para o servi\u00e7o adequado, de acordo com as normas e os procedimentos definidos.<\/p>\n\n\n\n<p class=\"has-vivid-cyan-blue-color has-text-color has-link-color wp-elements-c8959a81a15a9815f0663d480285214c\" style=\"font-size:21px\"><strong>Podes trabalhar em:<\/strong><\/p>\n\n\n\n<p style=\"font-size:21px\">\u2022 Hospitais e centros de sa\u00fade;<br>\u2022 Cl\u00ednicas m\u00e9dicas e centros de diagn\u00f3stico;<br>\u2022 Lares de terceira idade e centros de dia;<br>\u2022 Unidades de cuidados continuados.<\/p>\n\n\n\n<h4 class=\"wp-block-heading has-vivid-red-color has-text-color has-link-color wp-elements-1750d0de013f4caa4b9e0373e43833b5\" style=\"font-size:21px\"><strong>Plano do Curso<\/strong><\/h4>\n\n\n\n<p style=\"font-size:21px\"><strong>Sociocultural (1000h)&nbsp;<\/strong><\/p>\n\n\n\n<p style=\"font-size:21px\"><strong>Disciplinas:<\/strong>&nbsp;Portugu\u00eas | L\u00edngua Estrangeira | \u00c1rea de Integra\u00e7\u00e3o | Educa\u00e7\u00e3o F\u00edsica | Tecnologias da Informa\u00e7\u00e3o e Comunica\u00e7\u00e3o.<\/p>\n\n\n\n<p style=\"font-size:21px\"><strong>Cient\u00edfica (500h)<\/strong><\/p>\n\n\n\n<p style=\"font-size:21px\"><strong>Disciplinas:<\/strong>&nbsp;Matem\u00e1tica | F\u00edsica e Qu\u00edmica | Biologia.<\/p>\n\n\n\n<p style=\"font-size:21px\"><strong>T\u00e9cnica (1100h)<\/strong><\/p>\n\n\n\n<p style=\"font-size:21px\"><strong>Disciplinas:<\/strong>&nbsp;Sa\u00fade&nbsp;| Gest\u00e3o e Organiza\u00e7\u00e3o dos Servi\u00e7os e Cuidados de Sa\u00fade&nbsp;| Comunica\u00e7\u00e3o e Rela\u00e7\u00f5es Interpessoais| Higiene, Seguran\u00e7a e Cuidados Gerais.<\/p>\n\n\n\n<p style=\"font-size:21px\"><strong>Forma\u00e7\u00e3o em Contexto de Trabalho (600h).<\/strong><\/p>\n\n\n\n<p><\/p>\n","protected":false},"excerpt":{"rendered":"<p>Este curso visa a forma\u00e7\u00e3o de profissionais aptos a auxiliar na presta\u00e7\u00e3o de cuidados de sa\u00fade, na recolha e transporte de amostras biol\u00f3gicas, na limpeza, higieniza\u00e7\u00e3o e transporte de roupas, materiais, equipamentos e espa\u00e7os e no apoio log\u00edstico e administrativo <a href=\"https:\/\/www.agr1beja.pt\/?page_id=4611\" class=\"read-more\">Ler mais &#8230;<\/a><\/p>\n","protected":false},"author":2,"featured_media":4878,"parent":4614,"menu_order":0,"comment_status":"closed","ping_status":"closed","template":"","meta":{"cybocfi_hide_featured_image":"","footnotes":""},"_links":{"self":[{"href":"https:\/\/www.agr1beja.pt\/index.php?rest_route=\/wp\/v2\/pages\/4611"}],"collection":[{"href":"https:\/\/www.agr1beja.pt\/index.php?rest_route=\/wp\/v2\/pages"}],"about":[{"href":"https:\/\/www.agr1beja.pt\/index.php?rest_route=\/wp\/v2\/types\/page"}],"author":[{"embeddable":true,"href":"https:\/\/www.agr1beja.pt\/index.php?rest_route=\/wp\/v2\/users\/2"}],"replies":[{"embeddable":true,"href":"https:\/\/www.agr1beja.pt\/index.php?rest_route=%2Fwp%2Fv2%2Fcomments&post=4611"}],"version-history":[{"count":14,"href":"https:\/\/www.agr1beja.pt\/index.php?rest_route=\/wp\/v2\/pages\/4611\/revisions"}],"predecessor-version":[{"id":8127,"href":"https:\/\/www.agr1beja.pt\/index.php?rest_route=\/wp\/v2\/pages\/4611\/revisions\/8127"}],"up":[{"embeddable":true,"href":"https:\/\/www.agr1beja.pt\/index.php?rest_route=\/wp\/v2\/pages\/4614"}],"wp:featuredmedia":[{"embeddable":true,"href":"https:\/\/www.agr1beja.pt\/index.php?rest_route=\/wp\/v2\/media\/4878"}],"wp:attachment":[{"href":"https:\/\/www.agr1beja.pt\/index.php?rest_route=%2Fwp%2Fv2%2Fmedia&parent=4611"}],"curies":[{"name":"wp","href":"https:\/\/api.w.org\/{rel}","templated":true}]}}