{"id":10521,"date":"2025-11-25T16:24:29","date_gmt":"2025-11-25T16:24:29","guid":{"rendered":"https:\/\/www.agr1beja.pt\/?page_id=10521"},"modified":"2025-11-29T10:16:45","modified_gmt":"2025-11-29T10:16:45","slug":"cfae-margens-do-guadiana","status":"publish","type":"page","link":"https:\/\/www.agr1beja.pt\/?page_id=10521","title":{"rendered":"CFAE Margens do Guadiana"},"content":{"rendered":"<div class=\"wp-block-image\">\n<figure class=\"aligncenter size-full is-resized\"><img loading=\"lazy\" decoding=\"async\" width=\"800\" height=\"346\" src=\"https:\/\/www.agr1beja.pt\/wp-content\/uploads\/Logo_CFAE_MG_HD.jpg\" alt=\"\" class=\"wp-image-10526\" style=\"width:352px;height:auto\" srcset=\"https:\/\/www.agr1beja.pt\/wp-content\/uploads\/Logo_CFAE_MG_HD.jpg 800w, https:\/\/www.agr1beja.pt\/wp-content\/uploads\/Logo_CFAE_MG_HD-300x130.jpg 300w, https:\/\/www.agr1beja.pt\/wp-content\/uploads\/Logo_CFAE_MG_HD-768x332.jpg 768w, https:\/\/www.agr1beja.pt\/wp-content\/uploads\/Logo_CFAE_MG_HD-360x156.jpg 360w\" sizes=\"(max-width: 800px) 100vw, 800px\" \/><\/figure><\/div>\n\n\n<p class=\"justify-text\" style=\"font-size:22px\">O <strong>Centro de Forma\u00e7\u00e3o de Associa\u00e7\u00e3o de Escolas das Margens do Guadiana<\/strong> encontra-se sediado na Escola Secund\u00e1ria Diogo de Gouveia, escola-sede do Agrupamento de Escolas n.\u00ba 1 de Beja, e integra a rede de CFAE do Alentejo, constitu\u00edda pelos 7 Centros de Forma\u00e7\u00e3o de Associa\u00e7\u00e3o de Escolas do Alentejo.<\/p>\n\n\n\n<p class=\"has-text-align-center\" style=\"font-size:24px\"><strong>Ficha de Opera\u00e7\u00e3o PESSOAS-FSE+ &#8211; 01974800<\/strong><\/p>\n\n\n\n<div class=\"wp-block-columns is-layout-flex wp-container-core-columns-layout-1 wp-block-columns-is-layout-flex\">\n<div class=\"wp-block-column is-vertically-aligned-center is-layout-flow wp-block-column-is-layout-flow\"><div class=\"wp-block-image\">\n<figure class=\"aligncenter size-large is-resized\"><img loading=\"lazy\" decoding=\"async\" width=\"725\" height=\"1024\" src=\"http:\/\/www.agr1beja.pt\/wp-content\/uploads\/CFAE_ficha_operacao_24_26-725x1024.jpg\" alt=\"\" class=\"wp-image-10532\" style=\"width:683px;height:auto\" srcset=\"https:\/\/www.agr1beja.pt\/wp-content\/uploads\/CFAE_ficha_operacao_24_26-725x1024.jpg 725w, https:\/\/www.agr1beja.pt\/wp-content\/uploads\/CFAE_ficha_operacao_24_26-212x300.jpg 212w, https:\/\/www.agr1beja.pt\/wp-content\/uploads\/CFAE_ficha_operacao_24_26-768x1085.jpg 768w, https:\/\/www.agr1beja.pt\/wp-content\/uploads\/CFAE_ficha_operacao_24_26-1087x1536.jpg 1087w, https:\/\/www.agr1beja.pt\/wp-content\/uploads\/CFAE_ficha_operacao_24_26-191x270.jpg 191w, https:\/\/www.agr1beja.pt\/wp-content\/uploads\/CFAE_ficha_operacao_24_26.jpg 1241w\" sizes=\"(max-width: 725px) 100vw, 725px\" \/><\/figure><\/div><\/div>\n<\/div>\n\n\n\n<div class=\"wp-block-columns is-layout-flex wp-container-core-columns-layout-2 wp-block-columns-is-layout-flex\"><\/div>\n","protected":false},"excerpt":{"rendered":"<p>O Centro de Forma\u00e7\u00e3o de Associa\u00e7\u00e3o de Escolas das Margens do Guadiana encontra-se sediado na Escola Secund\u00e1ria Diogo de Gouveia, escola-sede do Agrupamento de Escolas n.\u00ba 1 de Beja, e integra a rede de CFAE do Alentejo, constitu\u00edda pelos 7 <a href=\"https:\/\/www.agr1beja.pt\/?page_id=10521\" class=\"read-more\">Ler mais &#8230;<\/a><\/p>\n","protected":false},"author":1,"featured_media":0,"parent":0,"menu_order":0,"comment_status":"closed","ping_status":"closed","template":"","meta":{"cybocfi_hide_featured_image":"","footnotes":""},"_links":{"self":[{"href":"https:\/\/www.agr1beja.pt\/index.php?rest_route=\/wp\/v2\/pages\/10521"}],"collection":[{"href":"https:\/\/www.agr1beja.pt\/index.php?rest_route=\/wp\/v2\/pages"}],"about":[{"href":"https:\/\/www.agr1beja.pt\/index.php?rest_route=\/wp\/v2\/types\/page"}],"author":[{"embeddable":true,"href":"https:\/\/www.agr1beja.pt\/index.php?rest_route=\/wp\/v2\/users\/1"}],"replies":[{"embeddable":true,"href":"https:\/\/www.agr1beja.pt\/index.php?rest_route=%2Fwp%2Fv2%2Fcomments&post=10521"}],"version-history":[{"count":16,"href":"https:\/\/www.agr1beja.pt\/index.php?rest_route=\/wp\/v2\/pages\/10521\/revisions"}],"predecessor-version":[{"id":10573,"href":"https:\/\/www.agr1beja.pt\/index.php?rest_route=\/wp\/v2\/pages\/10521\/revisions\/10573"}],"wp:attachment":[{"href":"https:\/\/www.agr1beja.pt\/index.php?rest_route=%2Fwp%2Fv2%2Fmedia&parent=10521"}],"curies":[{"name":"wp","href":"https:\/\/api.w.org\/{rel}","templated":true}]}}