{"id":8900,"date":"2025-02-17T14:40:19","date_gmt":"2025-02-17T14:40:19","guid":{"rendered":"https:\/\/www.agr1beja.pt\/?page_id=8900"},"modified":"2026-03-18T15:37:54","modified_gmt":"2026-03-18T15:37:54","slug":"menac","status":"publish","type":"page","link":"http:\/\/www.agr1beja.pt\/?page_id=8900","title":{"rendered":"MENAC"},"content":{"rendered":"<div class=\"wp-block-image\">\n<figure class=\"aligncenter size-full\"><img loading=\"lazy\" decoding=\"async\" width=\"300\" height=\"93\" src=\"https:\/\/www.agr1beja.pt\/wp-content\/uploads\/menac_logo.jpg\" alt=\"\" class=\"wp-image-8902\"\/><\/figure><\/div>\n\n\n<p style=\"font-size:26px\"><strong>Mecanismo Nacional Anti-Corrup\u00e7\u00e3o<\/strong><\/p>\n\n\n\n<p class=\"justify-text\" style=\"font-size:21px\">Nesta p\u00e1gina poder\u00e1 denunciar, de forma segura, infra\u00e7\u00f5es e atos de corrup\u00e7\u00e3o ou infra\u00e7\u00f5es conexas nos termos previstos no Regime Geral de Prote\u00e7\u00e3o de Denunciantes de Infra\u00e7\u00f5es, aprovado pela&nbsp;<a href=\"https:\/\/diariodarepublica.pt\/dr\/detalhe\/lei\/93-2021-176147929\" target=\"_blank\" rel=\"noreferrer noopener\"><strong>Lei n.\u00ba 93\/2021, de 20 de dezembro<\/strong><\/a>, bem como no Regime Geral de Preven\u00e7\u00e3o da Corrup\u00e7\u00e3o, aprovado pelo&nbsp;<a href=\"https:\/\/diariodarepublica.pt\/dr\/detalhe\/decreto-lei\/109-e-2021-175659840\" target=\"_blank\" rel=\"noreferrer noopener\"><strong>Decreto-Lei n.\u00ba 109-E\/2021, de 9 de dezembro<\/strong><\/a>.<\/p>\n\n\n\n<p style=\"font-size:26px\"><strong>O que \u00e9 o canal de den\u00fancias<\/strong><\/p>\n\n\n\n<p class=\"justify-text\" style=\"font-size:21px\">O canal de den\u00fancia permite o registo e o tratamento de den\u00fancias, sendo um instrumento essencial para o despiste de todo o tipo de irregularidades de corrup\u00e7\u00e3o e infra\u00e7\u00f5es conexas.<\/p>\n\n\n\n<p style=\"font-size:26px\"><strong>O que pode ser denunciado<\/strong><\/p>\n\n\n\n<p class=\"justify-text\" style=\"font-size:21px\">Ser\u00e3o consideradas as den\u00fancias relativas a mat\u00e9rias da compet\u00eancia do<strong><a href=\"https:\/\/mec-anticorrupcao.pt\/\"> MENAC<\/a><\/strong>, designadamente factos relacionados com atos de corrup\u00e7\u00e3o e infra\u00e7\u00f5es conexas, ou com quaisquer irregularidades, ou ilegalidades praticadas no \u00e2mbito de entidades sujeitas \u00e0 sua fiscaliza\u00e7\u00e3o no \u00e2mbito do regime geral de preven\u00e7\u00e3o da corrup\u00e7\u00e3o. Entende -se por corrup\u00e7\u00e3o e infra\u00e7\u00f5es conexas os crimes de corrup\u00e7\u00e3o ativa e passiva, recebimento e oferta indevidos de vantagem, peculato, participa\u00e7\u00e3o econ\u00f3mica em neg\u00f3cio, concuss\u00e3o, abuso de poder, prevarica\u00e7\u00e3o, tr\u00e1fico de influ\u00eancia, branqueamento ou fraude na obten\u00e7\u00e3o, ou desvio de subs\u00eddio, subven\u00e7\u00e3o ou cr\u00e9dito.<\/p>\n\n\n\n<p style=\"font-size:26px\"><strong>Quais s\u00e3o os elementos essenciais da den\u00fancia<\/strong><\/p>\n\n\n\n<p style=\"font-size:21px\">A den\u00fancia deve assegurar essencialmente os seguintes elementos:<\/p>\n\n\n\n<ul>\n<li style=\"font-size:21px\">Uma breve, objetiva e clara descri\u00e7\u00e3o dos factos objeto da den\u00fancia;<\/li>\n\n\n\n<li style=\"font-size:21px\">Indica\u00e7\u00e3o dos locais e datas de ocorr\u00eancia dos factos;<\/li>\n\n\n\n<li style=\"font-size:21px\">Quem est\u00e1 envolvido nos factos com indica\u00e7\u00e3o da(s) identidade(s) e fun\u00e7\u00f5es das pessoas envolvidas por suspei\u00e7\u00e3o ou autoria e quem mais conhece os factos (potenciais testemunhas);<\/li>\n\n\n\n<li style=\"font-size:21px\">Envio dos elementos de prova dos factos denunciados ou forma de os obter.<\/li>\n<\/ul>\n\n\n\n<p style=\"font-size:26px\"><strong>Tratamento da den\u00fancia apresentada<\/strong><\/p>\n\n\n\n<p style=\"font-size:21px\">As den\u00fancias apresentadas ser\u00e3o objeto de an\u00e1lise t\u00e9cnica pelo gestor do canal de den\u00fancias que poder\u00e1:<\/p>\n\n\n\n<ul>\n<li style=\"font-size:21px\">Arquivar por aus\u00eancia de il\u00edcito ou falta de elementos de prova que permitam o prosseguimento da investiga\u00e7\u00e3o;<\/li>\n\n\n\n<li style=\"font-size:21px\">Encaminhar a den\u00fancia para departamento interno ou para entidades externas competentes (administrativas, de investiga\u00e7\u00e3o ou judiciais).<\/li>\n<\/ul>\n\n\n\n<p style=\"font-size:26px\"><strong>Que prote\u00e7\u00e3o \u00e9 concedida ao denunciante?<\/strong><\/p>\n\n\n\n<p class=\"justify-text\" style=\"font-size:21px\">A confidencialidade sobre a identidade do denunciante \u00e9 garantida, nos termos do artigo 18.\u00ba da&nbsp;<a href=\"https:\/\/diariodarepublica.pt\/dr\/detalhe\/lei\/93-2021-176147929\" target=\"_blank\" rel=\"noreferrer noopener\"><strong>Lei n.\u00ba 93\/2021, de 20 de dezembro<\/strong><\/a>, salvo obriga\u00e7\u00e3o legal ou decis\u00e3o judicial. No tratamento dos dados pessoais do denunciante ser\u00e1 observado o disposto no artigo 19.\u00ba da&nbsp;<a href=\"https:\/\/diariodarepublica.pt\/dr\/detalhe\/lei\/93-2021-176147929\" target=\"_blank\" rel=\"noreferrer noopener\"><strong>Lei n.\u00ba 93\/2021, de 20 de dezembro<\/strong><\/a>. O denunciante beneficia das medidas de prote\u00e7\u00e3o e de apoio e, bem assim, das garantias previstas, respetivamente, nos artigos 22.\u00ba e 23.\u00ba da&nbsp;<a href=\"https:\/\/diariodarepublica.pt\/dr\/detalhe\/lei\/93-2021-176147929\" target=\"_blank\" rel=\"noreferrer noopener\"><strong>Lei n.\u00ba 93\/2021, de 20 de dezembro<\/strong><\/a>. O denunciante beneficia, ainda, do regime de responsabilidade previsto no artigo 24.\u00ba da&nbsp;<strong><a href=\"https:\/\/diariodarepublica.pt\/dr\/detalhe\/lei\/93-2021-176147929\" target=\"_blank\" rel=\"noreferrer noopener\">Lei n.\u00ba 93\/2021, de 20 de dezembro<\/a>.<\/strong><\/p>\n\n\n\n<p style=\"font-size:26px\"><strong>Documentos consult\u00e1veis<\/strong>:<\/p>\n\n\n\n<p style=\"font-size:21px\"><a href=\"http:\/\/www.agr1beja.pt\/wp-content\/uploads\/Codigo_Conduta_2025_Agr1Beja.pdf\" target=\"_blank\" rel=\"noreferrer noopener\"><strong>C\u00f3digo de Conduta do Agrupamento de Escolas n.\u00ba1 de Beja<\/strong><\/a><br><a href=\"http:\/\/www.agr1beja.pt\/wp-content\/uploads\/Plano_de_Prevencao_de_Riscos_de_Corrupcao_e_Infracoes_Conexas_AGR1Beja.pdf\" target=\"_blank\" rel=\"noreferrer noopener\"><strong>Plano de Preven\u00e7\u00e3o de Riscos de Corrup\u00e7\u00e3o e Infra\u00e7\u00f5es Conexas<\/strong><\/a><\/p>\n\n\n\n<p style=\"font-size:26px\"><strong>Liga\u00e7\u00f5es<\/strong>:<\/p>\n\n\n\n<ul>\n<li style=\"font-size:21px\"><a href=\"https:\/\/diariodarepublica.pt\/dr\/detalhe\/lei\/93-2021-176147929\" target=\"_blank\" rel=\"noreferrer noopener\"><strong>Lei n.\u00ba 93\/2021, de 20 de dezembro<\/strong><\/a>: Regime Geral de Prote\u00e7\u00e3o de Denunciantes de Infra\u00e7\u00f5es (RGPDI)<\/li>\n\n\n\n<li style=\"font-size:21px\"><a href=\"https:\/\/diariodarepublica.pt\/dr\/detalhe\/decreto-lei\/109-e-2021-175659840\" target=\"_blank\" rel=\"noreferrer noopener\"><strong>Decreto-Lei n.\u00ba 109-E\/2021, de 9 de dezembr<\/strong>o<\/a>:&nbsp;Regime Geral de Preven\u00e7\u00e3o da Corrup\u00e7\u00e3o (RGPC)<\/li>\n\n\n\n<li style=\"font-size:21px\"><a href=\"https:\/\/mec-anticorrupcao.pt\/\" target=\"_blank\" rel=\"noreferrer noopener\"><strong>MENAC<\/strong><\/a>: Mecanismo Nacional Anti-Corrup\u00e7\u00e3o<\/li>\n<\/ul>\n\n\n\n<p style=\"font-size:24px\"><img loading=\"lazy\" decoding=\"async\" width=\"36\" height=\"24\" class=\"wp-image-8941\" style=\"width: 36px;\" src=\"http:\/\/www.agr1beja.pt\/wp-content\/uploads\/email_logo.jpg\" alt=\"\"> Registe a sua den\u00fancia usando o email<strong> denuncia@agr1beja.pt<\/strong>.<\/p>\n\n\n\n<p><\/p>\n","protected":false},"excerpt":{"rendered":"<p>Mecanismo Nacional Anti-Corrup\u00e7\u00e3o Nesta p\u00e1gina poder\u00e1 denunciar, de forma segura, infra\u00e7\u00f5es e atos de corrup\u00e7\u00e3o ou infra\u00e7\u00f5es conexas nos termos previstos no Regime Geral de Prote\u00e7\u00e3o de Denunciantes de Infra\u00e7\u00f5es, aprovado pela&nbsp;Lei n.\u00ba 93\/2021, de 20 de dezembro, bem como <a href=\"http:\/\/www.agr1beja.pt\/?page_id=8900\" class=\"read-more\">Ler mais &#8230;<\/a><\/p>\n","protected":false},"author":1,"featured_media":0,"parent":0,"menu_order":0,"comment_status":"closed","ping_status":"closed","template":"","meta":{"cybocfi_hide_featured_image":"","footnotes":""},"_links":{"self":[{"href":"http:\/\/www.agr1beja.pt\/index.php?rest_route=\/wp\/v2\/pages\/8900"}],"collection":[{"href":"http:\/\/www.agr1beja.pt\/index.php?rest_route=\/wp\/v2\/pages"}],"about":[{"href":"http:\/\/www.agr1beja.pt\/index.php?rest_route=\/wp\/v2\/types\/page"}],"author":[{"embeddable":true,"href":"http:\/\/www.agr1beja.pt\/index.php?rest_route=\/wp\/v2\/users\/1"}],"replies":[{"embeddable":true,"href":"http:\/\/www.agr1beja.pt\/index.php?rest_route=%2Fwp%2Fv2%2Fcomments&post=8900"}],"version-history":[{"count":29,"href":"http:\/\/www.agr1beja.pt\/index.php?rest_route=\/wp\/v2\/pages\/8900\/revisions"}],"predecessor-version":[{"id":10844,"href":"http:\/\/www.agr1beja.pt\/index.php?rest_route=\/wp\/v2\/pages\/8900\/revisions\/10844"}],"wp:attachment":[{"href":"http:\/\/www.agr1beja.pt\/index.php?rest_route=%2Fwp%2Fv2%2Fmedia&parent=8900"}],"curies":[{"name":"wp","href":"https:\/\/api.w.org\/{rel}","templated":true}]}}