{"id":2230,"date":"2020-10-22T17:47:32","date_gmt":"2020-10-22T17:47:32","guid":{"rendered":"http:\/\/www.agr1beja.pt\/?page_id=2230"},"modified":"2025-11-25T17:05:55","modified_gmt":"2025-11-25T17:05:55","slug":"erasmus-a-decorrer","status":"publish","type":"page","link":"http:\/\/www.agr1beja.pt\/?page_id=2230","title":{"rendered":"Erasmus+ a decorrer"},"content":{"rendered":"<div class=\"wp-block-image\">\n<figure class=\"aligncenter size-large is-resized\"><img loading=\"lazy\" decoding=\"async\" width=\"1024\" height=\"292\" src=\"http:\/\/www.agr1beja.pt\/wp-content\/uploads\/erasmus-1024x292.jpg\" alt=\"\" class=\"wp-image-6693\" style=\"width:209px;height:auto\" srcset=\"http:\/\/www.agr1beja.pt\/wp-content\/uploads\/erasmus-1024x292.jpg 1024w, http:\/\/www.agr1beja.pt\/wp-content\/uploads\/erasmus-300x86.jpg 300w, http:\/\/www.agr1beja.pt\/wp-content\/uploads\/erasmus-768x219.jpg 768w, http:\/\/www.agr1beja.pt\/wp-content\/uploads\/erasmus-1536x439.jpg 1536w, http:\/\/www.agr1beja.pt\/wp-content\/uploads\/erasmus-360x103.jpg 360w, http:\/\/www.agr1beja.pt\/wp-content\/uploads\/erasmus.jpg 1964w\" sizes=\"(max-width: 1024px) 100vw, 1024px\" \/><\/figure><\/div>\n\n<div class=\"wp-block-image\">\n<figure class=\"aligncenter size-large is-resized\"><img loading=\"lazy\" decoding=\"async\" width=\"1024\" height=\"331\" src=\"http:\/\/www.agr1beja.pt\/wp-content\/uploads\/re3pris-1024x331.jpg\" alt=\"\" class=\"wp-image-6697\" style=\"width:293px;height:auto\" srcset=\"http:\/\/www.agr1beja.pt\/wp-content\/uploads\/re3pris-1024x331.jpg 1024w, http:\/\/www.agr1beja.pt\/wp-content\/uploads\/re3pris-300x97.jpg 300w, http:\/\/www.agr1beja.pt\/wp-content\/uploads\/re3pris-768x248.jpg 768w, http:\/\/www.agr1beja.pt\/wp-content\/uploads\/re3pris-360x116.jpg 360w, http:\/\/www.agr1beja.pt\/wp-content\/uploads\/re3pris.jpg 1043w\" sizes=\"(max-width: 1024px) 100vw, 1024px\" \/><\/figure><\/div>\n\n\n<p class=\"justify-text\" style=\"font-size:24px\"><img loading=\"lazy\" decoding=\"async\" width=\"16\" height=\"27\" class=\"wp-image-2245\" style=\"width: 16px;\" src=\"http:\/\/www.agr1beja.pt\/wp-content\/uploads\/pin.png\" alt=\"\"> <strong>Projeto Erasmus+ &#8220;Reduce &#8211; Reuse &#8211; Recycle in primary schools&#8221; (2023-1-Ro01-KA220-SCH-000158694)<\/strong><\/p>\n\n\n\n<p style=\"font-size:22px\"><strong>Brochura do projeto &#8211; <a href=\"http:\/\/www.agr1beja.pt\/wp-content\/uploads\/Re3Pris_Broschuere_chapter_1_29_12_2024.pdf\" target=\"_blank\" rel=\"noreferrer noopener\">aqui<\/a>.<\/strong><br><strong>P\u00e1gina oficial do projeto<\/strong> &#8211; <strong><a href=\"https:\/\/re3pris.uni-koeln.de\/\" target=\"_blank\" rel=\"noreferrer noopener\">aqui<\/a><\/strong>.<\/p>\n\n\n\n<p class=\"justify-text\" style=\"font-size:21px\">Os parceiros s\u00e3o escolas da Maced\u00f3nia do Norte, Rom\u00e9nia e Alemanha e ainda a Universidade de Col\u00f3nia e o EUROGEO (Associa\u00e7\u00e3o Europeia de Ge\u00f3grafos) com sede em Bruxelas. O projeto tem a dura\u00e7\u00e3o de 36 meses e a primeira mobilidade ter\u00e1 lugar em Col\u00f3nia, na Alemanha, no final de novembro, estando o Agrupamento de Escolas n.\u00ba1 de Beja representado pelo professor Durval Silva (coordenador do projeto no nosso Agrupamento) e pela psic\u00f3loga Cl\u00e1udia Cam\u00f5es.<br>Ap\u00f3s esta mobilidade ser\u00e1 feita a divulga\u00e7\u00e3o do projeto na comunidade e ser\u00e1 constitu\u00edda uma equipa de trabalho para o desenvolver.<br>No desenvolvimento do 2.\u00ba ano do projeto Erasmus Re3PriS, cujo tema \u00e9 a Reutiliza\u00e7\u00e3o (reuse), os alunos da turma 8A DG e a professora Leopoldina Almeida, realizaram uma sess\u00e3o de esclarecimento nas turmas do 1.\u00ba ciclo do Centro Escolar de Santa Maria, partilhando ideias e pontos de vista no sentido de sensibilizar para o excesso de consumo de roupa e a import\u00e2ncia da sua reutiliza\u00e7\u00e3o.<\/p>\n\n\n<div class=\"wp-block-image\">\n<figure class=\"aligncenter size-large is-resized\"><img loading=\"lazy\" decoding=\"async\" width=\"1024\" height=\"1024\" src=\"https:\/\/www.agr1beja.pt\/wp-content\/uploads\/Erasmus_Re3PriS_02-1024x1024.jpg\" alt=\"\" class=\"wp-image-9174\" style=\"width:716px;height:auto\" srcset=\"http:\/\/www.agr1beja.pt\/wp-content\/uploads\/Erasmus_Re3PriS_02-1024x1024.jpg 1024w, http:\/\/www.agr1beja.pt\/wp-content\/uploads\/Erasmus_Re3PriS_02-300x300.jpg 300w, http:\/\/www.agr1beja.pt\/wp-content\/uploads\/Erasmus_Re3PriS_02-150x150.jpg 150w, http:\/\/www.agr1beja.pt\/wp-content\/uploads\/Erasmus_Re3PriS_02-768x768.jpg 768w, http:\/\/www.agr1beja.pt\/wp-content\/uploads\/Erasmus_Re3PriS_02-270x270.jpg 270w, http:\/\/www.agr1beja.pt\/wp-content\/uploads\/Erasmus_Re3PriS_02.jpg 1200w\" sizes=\"(max-width: 1024px) 100vw, 1024px\" \/><\/figure><\/div>\n\n\n<p class=\"justify-text\" style=\"font-size:21px\"><br><strong>Programa do primeiro encontro (1st Meeting Agenda &#8211; KOLN) <\/strong>&#8211; <a href=\"http:\/\/www.agr1beja.pt\/wp-content\/uploads\/1st_meeting_agenda_KOLN.pdf\" target=\"_blank\" rel=\"noreferrer noopener\"><strong>aqui<\/strong><\/a>.<br><br>No dia 11 de dezembro foi apresentado o Projeto ERASMUS+ Re3 PriS aos professores do 1.\u00ba ciclo do Agrupamento. Foram transmitidos os objetivos e a metodologia do projeto e solicitada a sua colabora\u00e7\u00e3o. Sendo um tema do maior interesse, a sustentabilidade, e uma oportunidade \u00fanica para conhecermos a realidade de outros pa\u00edses e das suas pr\u00e1ticas, acreditamos que todos juntos vamos desenvolver um excelente trabalho.<br>De 24 a 27 de Abril de 2024, o nosso Agrupamento foi anfitri\u00e3o do 2.\u00ba encontro deste projeto Erasmus, com o tema da \u00c1gua como pano de fundo. Estar\u00e3o envolvidos, para al\u00e9m de docentes e t\u00e9cnicos do Agrupamento de Escolas n.\u00ba 1 de Beja, elementos da Maced\u00f3nia do Norte, da Rom\u00e9nia, da Universidade de Col\u00f3nia (Alemanha) e do EUROGEO.<br><strong>Programa do segundo encontro &#8211; <a href=\"http:\/\/www.agr1beja.pt\/wp-content\/uploads\/2nd_meeting_Programme_readjusted.pdf\">aqui<\/a>.<\/strong><br><br>A terceira mobilidade realizou-se entre os dias 5 e 9 de novembro de 2024 na cidade de Esc\u00f3pia, na Maced\u00f3nia do Norte e contou com a presen\u00e7a dos professores Durval Silva, Herlander Mira, Leopoldina Almeida e S\u00f3nia Alegria. O principal produto do trabalho realizado foi a elabora\u00e7\u00e3o de uma brochura com a s\u00edntese do trabalho desenvolvido no 1.\u00ba ano do projeto.<br>Decorre at\u00e9 domingo, 25 de maio, na Rom\u00e9nia, mais uma mobilidade do projeto Erasmus Reduce, Reuse and Recycle in Primary Schools.<br>O tema em an\u00e1lise \u00e9 a reutiliza\u00e7\u00e3o de recursos e o nosso Agrupamento est\u00e1 representado pelos professores Telma Lameira, M.\u00aa Jesus Galv\u00e3o, Lu\u00eds Carvoeiras e Durval Silva.<\/p>\n\n\n<div class=\"wp-block-image\">\n<figure class=\"aligncenter size-large is-resized\"><img loading=\"lazy\" decoding=\"async\" width=\"1024\" height=\"154\" src=\"https:\/\/www.agr1beja.pt\/wp-content\/uploads\/reduce_romenia_img-1024x154.jpg\" alt=\"\" class=\"wp-image-9472\" style=\"width:786px;height:auto\" srcset=\"http:\/\/www.agr1beja.pt\/wp-content\/uploads\/reduce_romenia_img-1024x154.jpg 1024w, http:\/\/www.agr1beja.pt\/wp-content\/uploads\/reduce_romenia_img-300x45.jpg 300w, http:\/\/www.agr1beja.pt\/wp-content\/uploads\/reduce_romenia_img-768x116.jpg 768w, http:\/\/www.agr1beja.pt\/wp-content\/uploads\/reduce_romenia_img-360x54.jpg 360w, http:\/\/www.agr1beja.pt\/wp-content\/uploads\/reduce_romenia_img.jpg 1500w\" sizes=\"(max-width: 1024px) 100vw, 1024px\" \/><\/figure><\/div>\n\n\n<p class=\"justify-text\" style=\"font-size:21px\">Nos dias 18 a 22 de novembro um grupo de professores do Agrupamento n.\u00ba 1 de Beja (Durval Silva, Teresa Carocinho, Telma Lameira e Andr\u00e9 Marques) realizou uma mobilidade inspiradora \u00e0 Eduard-Dietrich Schule em Ratingen, D\u00fcsseldorf, na Alemanha, no \u00e2mbito do projeto Erasmus+ Repr3is &#8211; Reduce-Reuse-Recycle que se encontra na sua terceira fase de desenvolvimento. Esta mobilidade destinou-se \u00e0 apresenta\u00e7\u00e3o dos trabalhos desenvolvidos pelos alunos e professores do primeiro ciclo da escola de Santa Maria. A visita \u00e0 escola Eduard-Dietrich Schule foi uma experi\u00eancia que se revelou profundamente transformadora. Durante a estadia, os docentes puderam observar em primeira m\u00e3o a aplica\u00e7\u00e3o pr\u00e1tica dos princ\u00edpios do m\u00e9todo Montessori, focando-se na autonomia da crian\u00e7a, no trabalho pr\u00e1tico e experimental com materiais espec\u00edficos e na cria\u00e7\u00e3o de um ambiente de aprendizagem preparado e centrado no aluno. A principal aprendizagem adquirida transcendeu as metodologias tradicionais, proporcionando uma nova perspetiva sobre a forma de gerir a diferencia\u00e7\u00e3o pedag\u00f3gica em sala de aula e como promover a iniciativa, o pensamento cr\u00edtico e a capacidade de resolu\u00e7\u00e3o de problemas nos alunos, valorizando a sua participa\u00e7\u00e3o ativa no processo de ensino-aprendizagem. Esta viv\u00eancia permitiu-lhes interiorizar estrat\u00e9gias para desenvolver a coordena\u00e7\u00e3o e as compet\u00eancias de vida di\u00e1ria das crian\u00e7as, concluindo que \u00e9 poss\u00edvel integrar eficazmente estes princ\u00edpios nas suas pr\u00f3prias realidades educativas. Esta experi\u00eancia destacou a import\u00e2ncia da participa\u00e7\u00e3o em projetos internacionais como o Erasmus+, que se revelam cruciais para a partilha de boas pr\u00e1ticas e a evolu\u00e7\u00e3o cont\u00ednua dos m\u00e9todos pedag\u00f3gicos, enriquecendo o percurso profissional dos docentes e, consequentemente, a qualidade da educa\u00e7\u00e3o oferecida aos alunos.<\/p>\n\n\n\n<div class=\"wp-block-columns is-layout-flex wp-container-core-columns-layout-1 wp-block-columns-is-layout-flex\">\n<div class=\"wp-block-column is-layout-flow wp-block-column-is-layout-flow\"><div class=\"wp-block-image\">\n<figure class=\"aligncenter size-large\"><img loading=\"lazy\" decoding=\"async\" width=\"1024\" height=\"387\" src=\"https:\/\/www.agr1beja.pt\/wp-content\/uploads\/REPR3IS_Dusseldorf_01-1-1024x387.jpg\" alt=\"\" class=\"wp-image-10548\" srcset=\"http:\/\/www.agr1beja.pt\/wp-content\/uploads\/REPR3IS_Dusseldorf_01-1-1024x387.jpg 1024w, http:\/\/www.agr1beja.pt\/wp-content\/uploads\/REPR3IS_Dusseldorf_01-1-300x113.jpg 300w, http:\/\/www.agr1beja.pt\/wp-content\/uploads\/REPR3IS_Dusseldorf_01-1-768x290.jpg 768w, http:\/\/www.agr1beja.pt\/wp-content\/uploads\/REPR3IS_Dusseldorf_01-1-1536x580.jpg 1536w, http:\/\/www.agr1beja.pt\/wp-content\/uploads\/REPR3IS_Dusseldorf_01-1-2048x774.jpg 2048w, http:\/\/www.agr1beja.pt\/wp-content\/uploads\/REPR3IS_Dusseldorf_01-1-360x136.jpg 360w\" sizes=\"(max-width: 1024px) 100vw, 1024px\" \/><\/figure><\/div><\/div>\n<\/div>\n\n\n<div class=\"wp-block-image\">\n<figure class=\"aligncenter size-large\"><img loading=\"lazy\" decoding=\"async\" width=\"1024\" height=\"361\" src=\"https:\/\/www.agr1beja.pt\/wp-content\/uploads\/REPR3IS_Dusseldorf_02-1-1024x361.jpg\" alt=\"\" class=\"wp-image-10552\" srcset=\"http:\/\/www.agr1beja.pt\/wp-content\/uploads\/REPR3IS_Dusseldorf_02-1-1024x361.jpg 1024w, http:\/\/www.agr1beja.pt\/wp-content\/uploads\/REPR3IS_Dusseldorf_02-1-300x106.jpg 300w, http:\/\/www.agr1beja.pt\/wp-content\/uploads\/REPR3IS_Dusseldorf_02-1-768x270.jpg 768w, http:\/\/www.agr1beja.pt\/wp-content\/uploads\/REPR3IS_Dusseldorf_02-1-1536x541.jpg 1536w, http:\/\/www.agr1beja.pt\/wp-content\/uploads\/REPR3IS_Dusseldorf_02-1-2048x721.jpg 2048w, http:\/\/www.agr1beja.pt\/wp-content\/uploads\/REPR3IS_Dusseldorf_02-1-360x127.jpg 360w\" sizes=\"(max-width: 1024px) 100vw, 1024px\" \/><\/figure><\/div>\n\n\n<p style=\"font-size:24px\"><img loading=\"lazy\" decoding=\"async\" width=\"16\" height=\"27\" class=\"wp-image-2261\" style=\"width: 16px;\" src=\"http:\/\/www.agr1beja.pt\/wp-content\/uploads\/pin_orange.png\" alt=\"\"> <strong>Intercultural Teaching &#8211; 2024-1-PT01-KA122-SCH-000198478<\/strong> <img loading=\"lazy\" decoding=\"async\" width=\"62\" height=\"19\" class=\"wp-image-2907\" style=\"width: 62px;\" src=\"http:\/\/www.agr1beja.pt\/wp-content\/uploads\/novo.gif\" alt=\"\"><\/p>\n\n\n\n<p class=\"justify-text\" style=\"font-size:21px\">Este projeto materializa-se numa a\u00e7\u00e3o de forma\u00e7\u00e3o para 20 profissionais do Agrupamento n.\u00ba 1 de Beja, incluindo professores, t\u00e9cnicos e assistentes operacionais. Ser\u00e3o criados dois grupos de 10 elementos cada para realizarem a forma\u00e7\u00e3o na localidade italiana de Salerno, no pr\u00f3ximo m\u00eas de julho de 2025.<br>A lista de selecionados \u00e9 a seguinte:<\/p>\n\n\n\n<p style=\"font-size:21px\"><strong>Grupo 1 (de 29 de junho a 5 de julho<\/strong>):<br>Alda Maria Martins Santos Costa<br>Ana Isabel Guerreiro Serrano<br>Ana Paula Nunes Baptista<br>Ant\u00f3nio Lu\u00eds Estanqueiro Casaca<br>Herlander Miguel Gon\u00e7alves Madeira de Mira<br>Iveta Miriam Godinho Serrano Ferreira<br>Maria Em\u00edlia Bento Polaco<br>Maria Isabel da Cruz Montes<br>Teresa Isabel Severino Carocinho<br>Vera L\u00facia Pacheco Descal\u00e7o<\/p>\n\n\n\n<p style=\"font-size:21px\"><strong>Grupo 2 (de 6 a 12 de julho<\/strong>):<br>Daniela Sofia Martins da Silva Rocha<br>In\u00eas Isabel Garcia Machado Tom\u00e9 Gon\u00e7alves<br>Helena Maria Gon\u00e7alves Vaz<br>Lu\u00eds Miguel da Luz de Sousa Figueira Carvoeiras<br>Maria Can\u00e1ria da Silva Branco<br>Maria de F\u00e1tima Roma Espada Gi\u00e3o<br>Maria da Luz Soares Camacho Barriga<br>Maria Susana Passinhas da Palma<br>Sandra Lu\u00edsa da Fonseca Fernandes<br>Susana Maria da Encarna\u00e7\u00e3o Guerreiro<\/p>\n\n\n\n<p style=\"font-size:21px\"><\/p>\n\n\n\n<p style=\"font-size:12px\"><em>\u00daltima atualiza\u00e7\u00e3o desta p\u00e1gina: 27\/05\/202<\/em>5<br><\/p>\n","protected":false},"excerpt":{"rendered":"<p>Projeto Erasmus+ &#8220;Reduce &#8211; Reuse &#8211; Recycle in primary schools&#8221; (2023-1-Ro01-KA220-SCH-000158694) Brochura do projeto &#8211; aqui.P\u00e1gina oficial do projeto &#8211; aqui. Os parceiros s\u00e3o escolas da Maced\u00f3nia do Norte, Rom\u00e9nia e Alemanha e ainda a Universidade de Col\u00f3nia e o <a href=\"http:\/\/www.agr1beja.pt\/?page_id=2230\" class=\"read-more\">Ler mais &#8230;<\/a><\/p>\n","protected":false},"author":1,"featured_media":0,"parent":0,"menu_order":0,"comment_status":"closed","ping_status":"closed","template":"","meta":{"cybocfi_hide_featured_image":"","footnotes":""},"_links":{"self":[{"href":"http:\/\/www.agr1beja.pt\/index.php?rest_route=\/wp\/v2\/pages\/2230"}],"collection":[{"href":"http:\/\/www.agr1beja.pt\/index.php?rest_route=\/wp\/v2\/pages"}],"about":[{"href":"http:\/\/www.agr1beja.pt\/index.php?rest_route=\/wp\/v2\/types\/page"}],"author":[{"embeddable":true,"href":"http:\/\/www.agr1beja.pt\/index.php?rest_route=\/wp\/v2\/users\/1"}],"replies":[{"embeddable":true,"href":"http:\/\/www.agr1beja.pt\/index.php?rest_route=%2Fwp%2Fv2%2Fcomments&post=2230"}],"version-history":[{"count":94,"href":"http:\/\/www.agr1beja.pt\/index.php?rest_route=\/wp\/v2\/pages\/2230\/revisions"}],"predecessor-version":[{"id":10553,"href":"http:\/\/www.agr1beja.pt\/index.php?rest_route=\/wp\/v2\/pages\/2230\/revisions\/10553"}],"wp:attachment":[{"href":"http:\/\/www.agr1beja.pt\/index.php?rest_route=%2Fwp%2Fv2%2Fmedia&parent=2230"}],"curies":[{"name":"wp","href":"https:\/\/api.w.org\/{rel}","templated":true}]}}