{"id":218,"date":"2019-09-08T11:31:26","date_gmt":"2019-09-08T11:31:26","guid":{"rendered":"http:\/\/agr1beja.online\/?page_id=218"},"modified":"2023-12-16T07:50:42","modified_gmt":"2023-12-16T07:50:42","slug":"es-diogo-de-gouveia","status":"publish","type":"page","link":"http:\/\/www.agr1beja.pt\/?page_id=218","title":{"rendered":"ES Diogo de Gouveia"},"content":{"rendered":"\n<p class=\"has-normal-font-size\"><\/p>\n\n\n\n<div class=\"wp-block-carousel-slider-slider\"><div class=\"carousel-slider-outer carousel-slider-outer-image-carousel carousel-slider-outer-438\" style=\"--carousel-slider-nav-color:#f1f1f1;--carousel-slider-active-nav-color:#00d1b2;--carousel-slider-arrow-size:48px;--carousel-slider-bullet-size:10px\">\n<div id=\"&#039;id-438\" class=\"carousel-slider carousel-slider-438 arrows-visibility-hover dots-visibility-never arrows-outside dots-center dots-square owl-carousel\" data-slide-type=\"image-carousel\" data-owl-settings='{\"nav\":true,\"dots\":false,\"slideBy\":1,\"stagePadding\":0,\"margin\":10,\"loop\":true,\"lazyLoad\":false,\"autoplay\":true,\"autoplayTimeout\":5000,\"autoplaySpeed\":500,\"autoplayHoverPause\":true,\"autoWidth\":false,\"responsive\":{\"300\":{\"items\":1},\"576\":{\"items\":2},\"768\":{\"items\":2},\"1024\":{\"items\":3},\"1280\":{\"items\":4},\"1536\":{\"items\":5}}}'>\n<div class=\"carousel-slider__item\">\n\t<img loading=\"lazy\" decoding=\"async\" width=\"300\" height=\"200\" src=\"http:\/\/www.agr1beja.pt\/wp-content\/uploads\/esdg_f1-300x200.jpg\" class=\"attachment-medium size-medium\" alt=\"\" srcset=\"http:\/\/www.agr1beja.pt\/wp-content\/uploads\/esdg_f1-300x200.jpg 300w, http:\/\/www.agr1beja.pt\/wp-content\/uploads\/esdg_f1-768x512.jpg 768w, http:\/\/www.agr1beja.pt\/wp-content\/uploads\/esdg_f1-360x240.jpg 360w, http:\/\/www.agr1beja.pt\/wp-content\/uploads\/esdg_f1.jpg 1000w\" sizes=\"(max-width: 300px) 100vw, 300px\" \/><\/a><\/div>\n\n<div class=\"carousel-slider__item\">\n\t<img loading=\"lazy\" decoding=\"async\" width=\"300\" height=\"200\" src=\"http:\/\/www.agr1beja.pt\/wp-content\/uploads\/esdg_f11-300x200.jpg\" class=\"attachment-medium size-medium\" alt=\"\" srcset=\"http:\/\/www.agr1beja.pt\/wp-content\/uploads\/esdg_f11-300x200.jpg 300w, http:\/\/www.agr1beja.pt\/wp-content\/uploads\/esdg_f11-768x512.jpg 768w, http:\/\/www.agr1beja.pt\/wp-content\/uploads\/esdg_f11-360x240.jpg 360w, http:\/\/www.agr1beja.pt\/wp-content\/uploads\/esdg_f11.jpg 1000w\" sizes=\"(max-width: 300px) 100vw, 300px\" \/><\/a><\/div>\n\n<div class=\"carousel-slider__item\">\n\t<img loading=\"lazy\" decoding=\"async\" width=\"300\" height=\"200\" src=\"http:\/\/www.agr1beja.pt\/wp-content\/uploads\/esdg_f12-300x200.jpg\" class=\"attachment-medium size-medium\" alt=\"\" srcset=\"http:\/\/www.agr1beja.pt\/wp-content\/uploads\/esdg_f12-300x200.jpg 300w, http:\/\/www.agr1beja.pt\/wp-content\/uploads\/esdg_f12-768x512.jpg 768w, http:\/\/www.agr1beja.pt\/wp-content\/uploads\/esdg_f12-360x240.jpg 360w, http:\/\/www.agr1beja.pt\/wp-content\/uploads\/esdg_f12.jpg 1000w\" sizes=\"(max-width: 300px) 100vw, 300px\" \/><\/a><\/div>\n\n<div class=\"carousel-slider__item\">\n\t<img loading=\"lazy\" decoding=\"async\" width=\"300\" height=\"200\" src=\"http:\/\/www.agr1beja.pt\/wp-content\/uploads\/esdg_f4-300x200.jpg\" class=\"attachment-medium size-medium\" alt=\"\" srcset=\"http:\/\/www.agr1beja.pt\/wp-content\/uploads\/esdg_f4-300x200.jpg 300w, http:\/\/www.agr1beja.pt\/wp-content\/uploads\/esdg_f4-768x512.jpg 768w, http:\/\/www.agr1beja.pt\/wp-content\/uploads\/esdg_f4-360x240.jpg 360w, http:\/\/www.agr1beja.pt\/wp-content\/uploads\/esdg_f4.jpg 1000w\" sizes=\"(max-width: 300px) 100vw, 300px\" \/><\/a><\/div>\n\n<div class=\"carousel-slider__item\">\n\t<img loading=\"lazy\" decoding=\"async\" width=\"300\" height=\"200\" src=\"http:\/\/www.agr1beja.pt\/wp-content\/uploads\/esdg_f2-300x200.jpg\" class=\"attachment-medium size-medium\" alt=\"\" srcset=\"http:\/\/www.agr1beja.pt\/wp-content\/uploads\/esdg_f2-300x200.jpg 300w, http:\/\/www.agr1beja.pt\/wp-content\/uploads\/esdg_f2-768x512.jpg 768w, http:\/\/www.agr1beja.pt\/wp-content\/uploads\/esdg_f2-360x240.jpg 360w, http:\/\/www.agr1beja.pt\/wp-content\/uploads\/esdg_f2.jpg 1000w\" sizes=\"(max-width: 300px) 100vw, 300px\" \/><\/a><\/div>\n\n<div class=\"carousel-slider__item\">\n\t<img loading=\"lazy\" decoding=\"async\" width=\"300\" height=\"200\" src=\"http:\/\/www.agr1beja.pt\/wp-content\/uploads\/esdg_f3-300x200.jpg\" class=\"attachment-medium size-medium\" alt=\"\" srcset=\"http:\/\/www.agr1beja.pt\/wp-content\/uploads\/esdg_f3-300x200.jpg 300w, http:\/\/www.agr1beja.pt\/wp-content\/uploads\/esdg_f3-768x512.jpg 768w, http:\/\/www.agr1beja.pt\/wp-content\/uploads\/esdg_f3-360x240.jpg 360w, http:\/\/www.agr1beja.pt\/wp-content\/uploads\/esdg_f3.jpg 1000w\" sizes=\"(max-width: 300px) 100vw, 300px\" \/><\/a><\/div>\n\n<div class=\"carousel-slider__item\">\n\t<img loading=\"lazy\" decoding=\"async\" width=\"300\" height=\"200\" src=\"http:\/\/www.agr1beja.pt\/wp-content\/uploads\/esdg_f5-300x200.jpg\" class=\"attachment-medium size-medium\" alt=\"\" srcset=\"http:\/\/www.agr1beja.pt\/wp-content\/uploads\/esdg_f5-300x200.jpg 300w, http:\/\/www.agr1beja.pt\/wp-content\/uploads\/esdg_f5-768x512.jpg 768w, http:\/\/www.agr1beja.pt\/wp-content\/uploads\/esdg_f5-360x240.jpg 360w, http:\/\/www.agr1beja.pt\/wp-content\/uploads\/esdg_f5.jpg 1000w\" sizes=\"(max-width: 300px) 100vw, 300px\" \/><\/a><\/div>\n\n<div class=\"carousel-slider__item\">\n\t<img loading=\"lazy\" decoding=\"async\" width=\"300\" height=\"200\" src=\"http:\/\/www.agr1beja.pt\/wp-content\/uploads\/esdg_f6-300x200.jpg\" class=\"attachment-medium size-medium\" alt=\"\" srcset=\"http:\/\/www.agr1beja.pt\/wp-content\/uploads\/esdg_f6-300x200.jpg 300w, http:\/\/www.agr1beja.pt\/wp-content\/uploads\/esdg_f6-768x512.jpg 768w, http:\/\/www.agr1beja.pt\/wp-content\/uploads\/esdg_f6-360x240.jpg 360w, http:\/\/www.agr1beja.pt\/wp-content\/uploads\/esdg_f6.jpg 1000w\" sizes=\"(max-width: 300px) 100vw, 300px\" \/><\/a><\/div>\n\n<div class=\"carousel-slider__item\">\n\t<img loading=\"lazy\" decoding=\"async\" width=\"300\" height=\"200\" src=\"http:\/\/www.agr1beja.pt\/wp-content\/uploads\/esdg_f7-300x200.jpg\" class=\"attachment-medium size-medium\" alt=\"\" srcset=\"http:\/\/www.agr1beja.pt\/wp-content\/uploads\/esdg_f7-300x200.jpg 300w, http:\/\/www.agr1beja.pt\/wp-content\/uploads\/esdg_f7-768x512.jpg 768w, http:\/\/www.agr1beja.pt\/wp-content\/uploads\/esdg_f7-360x240.jpg 360w, http:\/\/www.agr1beja.pt\/wp-content\/uploads\/esdg_f7.jpg 1000w\" sizes=\"(max-width: 300px) 100vw, 300px\" \/><\/a><\/div>\n\n<div class=\"carousel-slider__item\">\n\t<img loading=\"lazy\" decoding=\"async\" width=\"300\" height=\"200\" src=\"http:\/\/www.agr1beja.pt\/wp-content\/uploads\/esdg_f9-300x200.jpg\" class=\"attachment-medium size-medium\" alt=\"\" srcset=\"http:\/\/www.agr1beja.pt\/wp-content\/uploads\/esdg_f9-300x200.jpg 300w, http:\/\/www.agr1beja.pt\/wp-content\/uploads\/esdg_f9-768x512.jpg 768w, http:\/\/www.agr1beja.pt\/wp-content\/uploads\/esdg_f9-360x240.jpg 360w, http:\/\/www.agr1beja.pt\/wp-content\/uploads\/esdg_f9.jpg 1000w\" sizes=\"(max-width: 300px) 100vw, 300px\" \/><\/a><\/div>\n\n<div class=\"carousel-slider__item\">\n\t<img loading=\"lazy\" decoding=\"async\" width=\"300\" height=\"200\" src=\"http:\/\/www.agr1beja.pt\/wp-content\/uploads\/esdg_f10-300x200.jpg\" class=\"attachment-medium size-medium\" alt=\"\" srcset=\"http:\/\/www.agr1beja.pt\/wp-content\/uploads\/esdg_f10-300x200.jpg 300w, http:\/\/www.agr1beja.pt\/wp-content\/uploads\/esdg_f10-768x512.jpg 768w, http:\/\/www.agr1beja.pt\/wp-content\/uploads\/esdg_f10-360x240.jpg 360w, http:\/\/www.agr1beja.pt\/wp-content\/uploads\/esdg_f10.jpg 1000w\" sizes=\"(max-width: 300px) 100vw, 300px\" \/><\/a><\/div>\n\n<div class=\"carousel-slider__item\">\n\t<img loading=\"lazy\" decoding=\"async\" width=\"300\" height=\"200\" src=\"http:\/\/www.agr1beja.pt\/wp-content\/uploads\/esdg_f8-300x200.jpg\" class=\"attachment-medium size-medium\" alt=\"\" srcset=\"http:\/\/www.agr1beja.pt\/wp-content\/uploads\/esdg_f8-300x200.jpg 300w, http:\/\/www.agr1beja.pt\/wp-content\/uploads\/esdg_f8-768x512.jpg 768w, http:\/\/www.agr1beja.pt\/wp-content\/uploads\/esdg_f8-360x240.jpg 360w, http:\/\/www.agr1beja.pt\/wp-content\/uploads\/esdg_f8.jpg 1000w\" sizes=\"(max-width: 300px) 100vw, 300px\" \/><\/a><\/div>\n\n<\/div><!-- .carousel-slider-438 -->\n<\/div><!-- .carousel-slider-outer-438 -->\n<\/div>\n\n\n\n<p class=\"justify-text has-medium-font-size\"><br>A <strong>Escola Secund\u00e1ria <a href=\"https:\/\/pt.wikipedia.org\/wiki\/Diogo_de_Gouveia\">Diogo de Gouveia<\/a><\/strong> (antigo Liceu de Beja ou Liceu Nacional de <a href=\"https:\/\/pt.wikipedia.org\/wiki\/Diogo_de_Gouveia\"><strong>Diogo de Gouveia<\/strong><\/a>) \u00e9 uma escola portuguesa do ensino secund\u00e1rio situada em Beja. Ter\u00e1 sido fundado (Liceu) em 1848, iniciando a sua atividade em 1852. Projetado por Lu\u00eds Cristino da Silva em 1929, o edif\u00edcio atual foi constru\u00eddo em 1934 e \u00e9 considerado um exemplo importante do primeiro modernismo da arquitetura portuguesa. Entre 2008 e 2011 o edif\u00edcio sofreu obras de reabilita\u00e7\u00e3o e requalifica\u00e7\u00e3o com projeto de Pedro Botelho e Maria do Ros\u00e1rio Beija. &#8220;Nos edif\u00edcios existentes manteve-se a distribui\u00e7\u00e3o e respetivas fun\u00e7\u00f5es originais. Os corpos ampliados, destinados a \u00e1reas de atividades letivas espec\u00edficas tais como a biblioteca, salas TIC, planet\u00e1rio, laborat\u00f3rio polivalente e campo desportivo coberto, foram implantados e dimensionados de forma a n\u00e3o sobrevalorizar o existente. A sua articula\u00e7\u00e3o com as galerias principais cria as condi\u00e7\u00f5es espa\u00e7o funcionais e de seguran\u00e7a que permitem a abertura da escola \u00e0 comunidade, em hor\u00e1rios p\u00f3s e extra curriculares, no \u00e2mbito das atividades associadas \u00e0 forma\u00e7\u00e3o p\u00f3s laboral, aos eventos culturais e sociais e ao desporto&#8221;.<\/p>\n\n\n\n<p style=\"font-size:14px\">Origem do texto: <a href=\"https:\/\/pt.wikipedia.org\/wiki\/Escola_Secund%C3%A1ria_Diogo_de_Gouveia\">Wikip\u00e9dia<\/a>, a enciclop\u00e9dia livre.<\/p>\n","protected":false},"excerpt":{"rendered":"<p>A Escola Secund\u00e1ria Diogo de Gouveia (antigo Liceu de Beja ou Liceu Nacional de Diogo de Gouveia) \u00e9 uma escola portuguesa do ensino secund\u00e1rio situada em Beja. Ter\u00e1 sido fundado (Liceu) em 1848, iniciando a sua atividade em 1852. Projetado <a href=\"http:\/\/www.agr1beja.pt\/?page_id=218\" class=\"read-more\">Ler mais &#8230;<\/a><\/p>\n","protected":false},"author":1,"featured_media":0,"parent":0,"menu_order":0,"comment_status":"closed","ping_status":"closed","template":"","meta":{"cybocfi_hide_featured_image":"","footnotes":""},"_links":{"self":[{"href":"http:\/\/www.agr1beja.pt\/index.php?rest_route=\/wp\/v2\/pages\/218"}],"collection":[{"href":"http:\/\/www.agr1beja.pt\/index.php?rest_route=\/wp\/v2\/pages"}],"about":[{"href":"http:\/\/www.agr1beja.pt\/index.php?rest_route=\/wp\/v2\/types\/page"}],"author":[{"embeddable":true,"href":"http:\/\/www.agr1beja.pt\/index.php?rest_route=\/wp\/v2\/users\/1"}],"replies":[{"embeddable":true,"href":"http:\/\/www.agr1beja.pt\/index.php?rest_route=%2Fwp%2Fv2%2Fcomments&post=218"}],"version-history":[{"count":30,"href":"http:\/\/www.agr1beja.pt\/index.php?rest_route=\/wp\/v2\/pages\/218\/revisions"}],"predecessor-version":[{"id":6750,"href":"http:\/\/www.agr1beja.pt\/index.php?rest_route=\/wp\/v2\/pages\/218\/revisions\/6750"}],"wp:attachment":[{"href":"http:\/\/www.agr1beja.pt\/index.php?rest_route=%2Fwp%2Fv2%2Fmedia&parent=218"}],"curies":[{"name":"wp","href":"https:\/\/api.w.org\/{rel}","templated":true}]}}