{"id":1048,"date":"2020-03-17T10:45:03","date_gmt":"2020-03-17T10:45:03","guid":{"rendered":"http:\/\/www.agr1beja.pt\/?page_id=1048"},"modified":"2026-03-29T10:42:40","modified_gmt":"2026-03-29T10:42:40","slug":"exames-nacionais","status":"publish","type":"page","link":"http:\/\/www.agr1beja.pt\/?page_id=1048","title":{"rendered":"Exames Nacionais"},"content":{"rendered":"<div class=\"wp-block-image\">\n<figure class=\"aligncenter size-full\"><img loading=\"lazy\" decoding=\"async\" width=\"260\" height=\"260\" src=\"https:\/\/www.agr1beja.pt\/wp-content\/uploads\/exames_round.png\" alt=\"\" class=\"wp-image-10804\" srcset=\"http:\/\/www.agr1beja.pt\/wp-content\/uploads\/exames_round.png 260w, http:\/\/www.agr1beja.pt\/wp-content\/uploads\/exames_round-150x150.png 150w\" sizes=\"(max-width: 260px) 100vw, 260px\" \/><\/figure><\/div>\n\n\n<p class=\"post-atention\" style=\"font-size:26px\"><strong>Informa\u00e7\u00f5es relativas aos exames nacionais dos ensinos b\u00e1sico e secund\u00e1rio para o ano letivo 2025\/2026.<\/strong><\/p>\n\n\n\n<p class=\"justify-text\" style=\"font-size:22px\"><strong><a href=\"https:\/\/diariodarepublica.pt\/dr\/detalhe\/despacho-normativo\/3-2026-1055938294\" target=\"_blank\" rel=\"noreferrer noopener\">Despacho Normativo n.\u00ba 3\/2026<\/a><\/strong> &#8211; Aprova o Regulamento das Provas de Avalia\u00e7\u00e3o Externa e das Provas de Equival\u00eancia \u00e0 Frequ\u00eancia dos Ensinos B\u00e1sico e Secund\u00e1rio para os anos letivos de 2025-2026 a 2027-2028 e revoga o Despacho Normativo n.\u00ba 2-A\/2025, de 3 de mar\u00e7o.<\/p>\n\n\n\n<p style=\"font-size:22px\"><strong><a href=\"http:\/\/www.agr1beja.pt\/wp-content\/uploads\/591.pdf\">Norma 01\/JNE\/2026<\/a><\/strong><br><strong>Guia Geral de Exames<\/strong> &#8211; pode ser consultado <strong><a href=\"http:\/\/www.agr1beja.pt\/wp-content\/uploads\/fguia_exames_592.pdf\" target=\"_blank\" rel=\"noreferrer noopener\">aqui<\/a><\/strong>.<br><strong>Tabela de Cursos (25\/26)<\/strong> &#8211; pode ser consultada <strong><a href=\"http:\/\/www.agr1beja.pt\/wp-content\/uploads\/tabela_cursos_2025_2026.pdf\" target=\"_blank\" rel=\"noreferrer noopener\">aqui<\/a><\/strong>.<br><strong>Manual PIEPE<\/strong> &#8211; pode ser consultado <strong><a href=\"http:\/\/www.agr1beja.pt\/wp-content\/uploads\/manual_piepe_2026_alunos.pdf\" target=\"_blank\" rel=\"noreferrer noopener\">aqui<\/a><\/strong>.<br><strong>NORMA 2<\/strong> <strong>2026<\/strong> &#8211; pode ser consultada <strong><a href=\"http:\/\/www.agr1beja.pt\/wp-content\/uploads\/Norma-2-2026_03_25.pdf\">aqui<\/a><\/strong>.<br><strong>Guia para a Realiza\u00e7\u00e3o das PROVAS-ENSAIO 2026<\/strong> &#8211; pode ser consultado <strong><a href=\"http:\/\/www.agr1beja.pt\/wp-content\/uploads\/Guia-das-provas-ensaio.pdf\">aqui<\/a><\/strong>.<\/p>\n\n\n\n<p class=\"post-atention\" style=\"font-size:22px\"><strong>Recordamos que as inscri\u00e7\u00f5es para a realiza\u00e7\u00e3o dos exames nacionais come\u00e7am dia 06-03-2026. A inscri\u00e7\u00e3o \u00e9 realizada na <a href=\"https:\/\/jnepiepe.dge.mec.pt\/site\/login\" target=\"_blank\" rel=\"noreferrer noopener\">plataforma PIEPES<\/a>.<\/strong><\/p>\n\n\n\n<p style=\"font-size:14px\">\u00daltima atualiza\u00e7\u00e3o: 29\/03\/2026<\/p>\n","protected":false},"excerpt":{"rendered":"<p>Informa\u00e7\u00f5es relativas aos exames nacionais dos ensinos b\u00e1sico e secund\u00e1rio para o ano letivo 2025\/2026. Despacho Normativo n.\u00ba 3\/2026 &#8211; Aprova o Regulamento das Provas de Avalia\u00e7\u00e3o Externa e das Provas de Equival\u00eancia \u00e0 Frequ\u00eancia dos Ensinos B\u00e1sico e Secund\u00e1rio <a href=\"http:\/\/www.agr1beja.pt\/?page_id=1048\" class=\"read-more\">Ler mais &#8230;<\/a><\/p>\n","protected":false},"author":1,"featured_media":0,"parent":0,"menu_order":0,"comment_status":"closed","ping_status":"closed","template":"","meta":{"cybocfi_hide_featured_image":"","footnotes":""},"_links":{"self":[{"href":"http:\/\/www.agr1beja.pt\/index.php?rest_route=\/wp\/v2\/pages\/1048"}],"collection":[{"href":"http:\/\/www.agr1beja.pt\/index.php?rest_route=\/wp\/v2\/pages"}],"about":[{"href":"http:\/\/www.agr1beja.pt\/index.php?rest_route=\/wp\/v2\/types\/page"}],"author":[{"embeddable":true,"href":"http:\/\/www.agr1beja.pt\/index.php?rest_route=\/wp\/v2\/users\/1"}],"replies":[{"embeddable":true,"href":"http:\/\/www.agr1beja.pt\/index.php?rest_route=%2Fwp%2Fv2%2Fcomments&post=1048"}],"version-history":[{"count":116,"href":"http:\/\/www.agr1beja.pt\/index.php?rest_route=\/wp\/v2\/pages\/1048\/revisions"}],"predecessor-version":[{"id":10890,"href":"http:\/\/www.agr1beja.pt\/index.php?rest_route=\/wp\/v2\/pages\/1048\/revisions\/10890"}],"wp:attachment":[{"href":"http:\/\/www.agr1beja.pt\/index.php?rest_route=%2Fwp%2Fv2%2Fmedia&parent=1048"}],"curies":[{"name":"wp","href":"https:\/\/api.w.org\/{rel}","templated":true}]}}